{"id":304,"date":"2025-11-10T00:34:46","date_gmt":"2025-11-10T00:34:46","guid":{"rendered":"http:\/\/bilisimdunyasi.org.tr\/toplanti\/?page_id=304"},"modified":"2025-11-28T09:13:05","modified_gmt":"2025-11-28T09:13:05","slug":"iletisim","status":"publish","type":"page","link":"https:\/\/anadolumotifleri.org.tr\/index.php\/en\/iletisim\/","title":{"rendered":"\u0130LET\u0130\u015e\u0130M"},"content":{"rendered":"\n<p><strong>Ar\u015f. G\u00f6r. Abdurrahman Yasin Y\u0130\u011e\u0130T<\/strong>&nbsp;\u2013 Mersin \u00dcniversitesi<\/p>\n\n\n\n<p><strong>Sevim \u0130\u015eB\u0130L\u0130R<\/strong>&nbsp;\u2013 Mersin Olgunla\u015fma Enstit\u00fcs\u00fc<\/p>\n\n\n\n<p><strong>Tecelli Ayd\u0131n G\u00d6RG\u00dcL\u00dc<\/strong>&nbsp;\u2013 Mersin Olgunla\u015fma Enstit\u00fcs\u00fc<\/p>\n\n\n\n<p><strong>\u0130LET\u0130\u015e\u0130M :&nbsp;<\/strong>bilgi@anadolumotifleri.org.tr<\/p>\n\n\n\n<hr class=\"wp-block-separator has-alpha-channel-opacity\"\/>\n\n\n\n<p><strong>Mersin Olgunla\u015fma Enstit\u00fcs\u00fc<\/strong><\/p>\n\n\n\n<p><strong>Adres:&nbsp;<\/strong>79, \u00c7ankaya, \u0130stiklal Cd. No:77, 33070 Akdeniz\/Mersin, T\u00fcrkiye<\/p>\n\n\n\n<p><strong>Mail :<\/strong> mersinolgunlasma@gmail.com<\/p>\n\n\n\n<hr class=\"wp-block-separator has-alpha-channel-opacity\"\/>\n\n\n\n<p><strong>Mersin \u00dcniversitesi<\/strong><\/p>\n\n\n\n<p><strong>Adres: <\/strong>Mersin \u00dcniversitesi \u00c7iftlikk\u00f6y Kamp\u00fcs\u00fc 33343 Yeni\u015fehir \/ MERS\u0130N<\/p>\n\n\n\n<p><strong>Mail: <\/strong>yaziisleri@mersin.edu.tr<\/p>\n\n\n\n<p><\/p>\n","protected":false},"excerpt":{"rendered":"<p>Ar\u015f. G\u00f6r. Abdurrahman Yasin Y\u0130\u011e\u0130T&nbsp;\u2013 Mersin \u00dcniversitesi Sevim \u0130\u015eB\u0130L\u0130R&nbsp;\u2013 Mersin Olgunla\u015fma Enstit\u00fcs\u00fc Tecelli Ayd\u0131n G\u00d6RG\u00dcL\u00dc&nbsp;\u2013 Mersin Olgunla\u015fma Enstit\u00fcs\u00fc \u0130LET\u0130\u015e\u0130M :&nbsp;bilgi@anadolumotifleri.org.tr Mersin Olgunla\u015fma Enstit\u00fcs\u00fc Adres:&nbsp;79, \u00c7ankaya, \u0130stiklal Cd. No:77, 33070 Akdeniz\/Mersin, T\u00fcrkiye Mail : mersinolgunlasma@gmail.com Mersin \u00dcniversitesi Adres: Mersin \u00dcniversitesi \u00c7iftlikk\u00f6y Kamp\u00fcs\u00fc 33343 Yeni\u015fehir \/ MERS\u0130N Mail: yaziisleri@mersin.edu.tr<\/p>\n","protected":false},"author":1,"featured_media":0,"parent":0,"menu_order":0,"comment_status":"closed","ping_status":"closed","template":"","meta":{"footnotes":""},"class_list":["post-304","page","type-page","status-publish","hentry"],"_links":{"self":[{"href":"https:\/\/anadolumotifleri.org.tr\/index.php\/wp-json\/wp\/v2\/pages\/304","targetHints":{"allow":["GET"]}}],"collection":[{"href":"https:\/\/anadolumotifleri.org.tr\/index.php\/wp-json\/wp\/v2\/pages"}],"about":[{"href":"https:\/\/anadolumotifleri.org.tr\/index.php\/wp-json\/wp\/v2\/types\/page"}],"author":[{"embeddable":true,"href":"https:\/\/anadolumotifleri.org.tr\/index.php\/wp-json\/wp\/v2\/users\/1"}],"replies":[{"embeddable":true,"href":"https:\/\/anadolumotifleri.org.tr\/index.php\/wp-json\/wp\/v2\/comments?post=304"}],"version-history":[{"count":3,"href":"https:\/\/anadolumotifleri.org.tr\/index.php\/wp-json\/wp\/v2\/pages\/304\/revisions"}],"predecessor-version":[{"id":817,"href":"https:\/\/anadolumotifleri.org.tr\/index.php\/wp-json\/wp\/v2\/pages\/304\/revisions\/817"}],"wp:attachment":[{"href":"https:\/\/anadolumotifleri.org.tr\/index.php\/wp-json\/wp\/v2\/media?parent=304"}],"curies":[{"name":"wp","href":"https:\/\/api.w.org\/{rel}","templated":true}]}}