{"id":312,"date":"2025-11-10T00:38:22","date_gmt":"2025-11-10T00:38:22","guid":{"rendered":"http:\/\/bilisimdunyasi.org.tr\/toplanti\/?page_id=312"},"modified":"2026-02-06T06:35:14","modified_gmt":"2026-02-06T06:35:14","slug":"yazim-kurallari","status":"publish","type":"page","link":"https:\/\/anadolumotifleri.org.tr\/index.php\/yazim-kurallari\/","title":{"rendered":"YAZIM KURALLARI"},"content":{"rendered":"\n<p><strong>B\u0130LD\u0130R\u0130 \u00d6ZET\u0130 YAZIM KURALLARI VE TAM MET\u0130N YAYIN SE\u00c7ENEKLER\u0130<\/strong><\/p>\n\n\n\n<p><strong>Genel \u0130lkeler:<\/strong><\/p>\n\n\n\n<ul class=\"wp-block-list\">\n<li>Microsoft Word Program\u0131nda haz\u0131rlanacak olan bildiriler yaln\u0131zca sempozyum web sayfas\u0131 \u00fczerinden, \u00e7evrim i\u00e7i bildiri \u00f6zeti g\u00f6nderimi sistemi arac\u0131l\u0131\u011f\u0131yla g\u00f6nderilecektir.<\/li>\n\n\n\n<li>Sempozyuma g\u00f6nderilecek bildiriler T\u00fcrkiye T\u00fcrk\u00e7esi, di\u011fer T\u00fcrk leh\u00e7eleri veya \u0130ngilizce olarak sunulabileceklerdir.<\/li>\n\n\n\n<li>Yazarlar bildirilerini y\u00fcz y\u00fcze ve s\u00f6zl\u00fc olarak sunacaklard\u0131r.<\/li>\n\n\n\n<li>G\u00f6nderilen \u00f6zetler, sempozyum bilim kurulunca hakemler taraf\u0131ndan de\u011ferlendirilecek; bildirilerin uygunlu\u011fu ile kabul\u00fcne ve sunum \u015fekline Bilim Kurulu karar verecektir.<\/li>\n\n\n\n<li>Bildiri \u00f6zetlerinin kabul edilebilmesi i\u00e7in sunumu yapacak yazar\u0131n kongreye kay\u0131t yapt\u0131rmas\u0131 zorunludur.<\/li>\n\n\n\n<li>Bildiri \u00f6zetlerini son g\u00f6nderme tarihi 01 Mart 2026&#8217;d\u0131r.<\/li>\n\n\n\n<li>Bildiri \u00f6zetlerinin de\u011ferlendirme sonu\u00e7lar\u0131, bildiri \u00f6zeti g\u00f6nderimi s\u0131ras\u0131nda belirtilen e-posta adresine 15 Mart 2026 tarihinde g\u00f6nderilecektir.<\/li>\n\n\n\n<li>Tam metin son g\u00f6nderme tarihi 15 Nisan 2026&#8217;d\u0131r.<\/li>\n\n\n\n<li>Bildiri tam metni y\u00fcklenirken benzerlik raporu da y\u00fcklenecektir. Benzerlik oran\u0131 % 15\u2019i ge\u00e7memelidir.<\/li>\n\n\n\n<li>Kabul edilen bildiriler \u00f6zet veya tam metin olarak kongre bitiminden sonra kongre web sayfas\u0131nda e-kitap olarak yay\u0131mlanacakt\u0131r.<\/li>\n<\/ul>\n\n\n\n<p><strong>\u00d6zetler a\u015fa\u011f\u0131daki ba\u015fl\u0131klar alt\u0131nda yap\u0131land\u0131r\u0131lmal\u0131d\u0131r:<\/strong><\/p>\n\n\n\n<ul class=\"wp-block-list\">\n<li>Bildiri \u00f6zetleri T\u00fcrk\u00e7e ve \u0130ngilizce olarak haz\u0131rlanacakt\u0131r.<\/li>\n\n\n\n<li>T\u00fcrk\u00e7e \u00f6zetler en fazla 300 kelime (ba\u015fl\u0131k, yazar adlar\u0131, kurumsal bilgi, e-posta ve anahtar kelimeler hari\u00e7) i\u00e7ermelidir.<\/li>\n\n\n\n<li>T\u00fcrk\u00e7e ve \u0130ngilizce \u00f6zetler ayn\u0131 kurallar \u00e7er\u00e7evesinde haz\u0131rlanmal\u0131d\u0131r.&nbsp;<strong>T\u00fcrk\u00e7e \u00f6zetlerden farkl\u0131 olarak \u0130ngilizce \u00f6zetlerde kelime s\u0131n\u0131rlamas\u0131 uygulanmayacakt\u0131r.<\/strong><\/li>\n\n\n\n<li>\u00d6zetlerde k\u0131saltma kullan\u0131lmamal\u0131d\u0131r.<\/li>\n\n\n\n<li>Bildiri \u00f6zetlerinde tablo, \u015fekil ve kaynaklar yer almamal\u0131d\u0131r.<\/li>\n\n\n\n<li>T\u00fcm metin Times New Roman 12 punto ve 1,5 sat\u0131r aral\u0131\u011f\u0131 ile yaz\u0131lmal\u0131, paragraftan \u00f6nce ve sonra bo\u015fluk olmamal\u0131d\u0131r. Metin i\u00e7erisinde girinti olmamal\u0131 ve metin iki yana yasl\u0131 olmal\u0131d\u0131r.<\/li>\n\n\n\n<li>Ara\u015ft\u0131rma \u00f6zetleri \u00e7al\u0131\u015fman\u0131n amac\u0131n\u0131, y\u00f6ntemini, bulgular\u0131n\u0131 ve sonucunu i\u00e7ermelidir.<\/li>\n<\/ul>\n\n\n\n<p><strong>Tam metinler a\u015fa\u011f\u0131daki ba\u015fl\u0131klar alt\u0131nda yap\u0131land\u0131r\u0131lmal\u0131d\u0131r:<\/strong><\/p>\n\n\n\n<ul class=\"wp-block-list\">\n<li>Tam metin Times New Roman yaz\u0131 tipi, 12 punto ve 1,5 sat\u0131r aral\u0131\u011f\u0131 ile yaz\u0131lmal\u0131, paragraftan \u00f6nce ve sonra bo\u015fluk olmamal\u0131d\u0131r.<\/li>\n\n\n\n<li>Metin i\u00e7erisinde girinti olmamal\u0131 ve metin iki yana yasl\u0131 olmal\u0131d\u0131r.<\/li>\n\n\n\n<li>Ara\u015ft\u0131rma makalesi giri\u015f, ama\u00e7, y\u00f6ntem, bulgular ve sonu\u00e7 ba\u015fl\u0131klar\u0131 kullan\u0131larak yaz\u0131lmal\u0131, derleme \u00f6zetlerinde ise bu ba\u015fl\u0131klar kullan\u0131lmamal\u0131d\u0131r.<\/li>\n\n\n\n<li>Tam metinler \u00f6rnek tam metin \u015fablonuna uygun olarak en az 1500, en fazla 2000 (\u00f6zet, abstract ve kaynaklar hari\u00e7) kelime olacak \u015fekilde T\u00fcrk\u00e7e (iste\u011fe ba\u011fl\u0131 \u0130ngilizce)&nbsp;olarak haz\u0131rlanmal\u0131d\u0131r.<\/li>\n\n\n\n<li>\u015eekil, grafik, foto\u011fraf ve benzerleri &#8220;\u015eekil\/Figure&#8221; ba\u015fl\u0131\u011f\u0131yla \u015fekillerin alt\u0131nda ve 10 punto, sola yasl\u0131, kal\u0131n olmal\u0131d\u0131r. Tablo ba\u015fl\u0131\u011f\u0131 ise yine 10 punto, sola yasl\u0131, kal\u0131n ve \u00fcstte olmal\u0131d\u0131r.<\/li>\n<\/ul>\n\n\n\n<p><strong>Ba\u015fl\u0131klar:<\/strong> \u00c7al\u0131\u015fman\u0131n ana ba\u015fl\u0131\u011f\u0131 iki yana yasl\u0131 Times New Roman yaz\u0131 tipi, b\u00fcy\u00fck harf d\u00fczeninde 12 punto, kal\u0131n ve en fazla 15 kelime ile yaz\u0131lmal\u0131d\u0131r. K\u0131saltma kullan\u0131lmamal\u0131d\u0131r. Alt ba\u015fl\u0131klar sola yasl\u0131, 12 punto, kal\u0131n ve s\u00f6zc\u00fcklerin ilk harfi b\u00fcy\u00fck yaz\u0131lmal\u0131d\u0131r.<\/p>\n\n\n\n<p><br><strong>Yazarlar\u0131n adlar\u0131 ve kurumlar\u0131:<\/strong> (\u0130lk yazar<sup>1<\/sup>, ikinci yazar<sup>2<\/sup>,&#8230; ad\u0131 ve soyad\u0131) Times New Roman yaz\u0131 tipi, 12 punto ve kal\u0131n yaz\u0131lmal\u0131d\u0131r. Bildiriyi sunacak ki\u015finin isminin alt\u0131 \u00e7izilmelidir. \u0130sim ve soy isimlerin sadece ilk harfleri b\u00fcy\u00fck yaz\u0131lmal\u0131d\u0131r. Yazar isimlerinde akademik \u00fcnvan kullan\u0131lmamal\u0131d\u0131r.<br><sup>1<\/sup>Kurum\/ \u00fcniversite ad\u0131 ile ba\u011fl\u0131 oldu\u011fu fak\u00fclte ya da b\u00f6l\u00fcm bilgisi, il\/\u00fclke, e-posta adresi &#8211; (Times new roman yaz\u0131 tipi, 10 punto, kal\u0131n)<br><sup>2<\/sup>Farkl\u0131 bir kurum\/ \u00fcniversite ad\u0131 ile ba\u011fl\u0131 oldu\u011fu fak\u00fclte ya da b\u00f6l\u00fcm bilgisi, il\/\u00fclke, e-posta adresi &#8211; (Times New Roman yaz\u0131 tipi, 10 punto, kal\u0131n)<\/p>\n\n\n\n<p><br><strong>Anahtar kelimeler:\u00a0<\/strong>\u00c7al\u0131\u015fma en fazla be\u015f anahtar kelime ile s\u0131n\u0131rland\u0131r\u0131lmal\u0131d\u0131r. Virg\u00fclle ayr\u0131lm\u0131\u015f olarak Times New Roman yaz\u0131 tipi ve 12 punto ile yaz\u0131lmal\u0131d\u0131r.<\/p>\n\n\n\n<p><strong>Kaynak\u00e7a:<\/strong> Kaynak g\u00f6sterimi APA 7 kurallar\u0131na uygun olmal\u0131d\u0131r.<\/p>\n","protected":false},"excerpt":{"rendered":"<p>B\u0130LD\u0130R\u0130 \u00d6ZET\u0130 YAZIM KURALLARI VE TAM MET\u0130N YAYIN SE\u00c7ENEKLER\u0130 Genel \u0130lkeler: \u00d6zetler a\u015fa\u011f\u0131daki ba\u015fl\u0131klar alt\u0131nda yap\u0131land\u0131r\u0131lmal\u0131d\u0131r: Tam metinler a\u015fa\u011f\u0131daki ba\u015fl\u0131klar alt\u0131nda yap\u0131land\u0131r\u0131lmal\u0131d\u0131r: Ba\u015fl\u0131klar: \u00c7al\u0131\u015fman\u0131n ana ba\u015fl\u0131\u011f\u0131 iki yana yasl\u0131 Times New Roman yaz\u0131 tipi, b\u00fcy\u00fck harf d\u00fczeninde 12 punto, kal\u0131n ve en fazla 15 kelime ile yaz\u0131lmal\u0131d\u0131r. K\u0131saltma kullan\u0131lmamal\u0131d\u0131r. Alt ba\u015fl\u0131klar sola yasl\u0131, 12 punto, [&hellip;]<\/p>\n","protected":false},"author":1,"featured_media":0,"parent":0,"menu_order":0,"comment_status":"closed","ping_status":"closed","template":"","meta":{"footnotes":""},"class_list":["post-312","page","type-page","status-publish","hentry"],"_links":{"self":[{"href":"https:\/\/anadolumotifleri.org.tr\/index.php\/wp-json\/wp\/v2\/pages\/312","targetHints":{"allow":["GET"]}}],"collection":[{"href":"https:\/\/anadolumotifleri.org.tr\/index.php\/wp-json\/wp\/v2\/pages"}],"about":[{"href":"https:\/\/anadolumotifleri.org.tr\/index.php\/wp-json\/wp\/v2\/types\/page"}],"author":[{"embeddable":true,"href":"https:\/\/anadolumotifleri.org.tr\/index.php\/wp-json\/wp\/v2\/users\/1"}],"replies":[{"embeddable":true,"href":"https:\/\/anadolumotifleri.org.tr\/index.php\/wp-json\/wp\/v2\/comments?post=312"}],"version-history":[{"count":16,"href":"https:\/\/anadolumotifleri.org.tr\/index.php\/wp-json\/wp\/v2\/pages\/312\/revisions"}],"predecessor-version":[{"id":941,"href":"https:\/\/anadolumotifleri.org.tr\/index.php\/wp-json\/wp\/v2\/pages\/312\/revisions\/941"}],"wp:attachment":[{"href":"https:\/\/anadolumotifleri.org.tr\/index.php\/wp-json\/wp\/v2\/media?parent=312"}],"curies":[{"name":"wp","href":"https:\/\/api.w.org\/{rel}","templated":true}]}}