{"id":316,"date":"2025-11-10T00:40:31","date_gmt":"2025-11-10T00:40:31","guid":{"rendered":"http:\/\/bilisimdunyasi.org.tr\/toplanti\/?page_id=316"},"modified":"2025-11-28T10:58:55","modified_gmt":"2025-11-28T10:58:55","slug":"katilim-sartlari","status":"publish","type":"page","link":"https:\/\/anadolumotifleri.org.tr\/index.php\/katilim-sartlari\/","title":{"rendered":"Genel Bilgiler"},"content":{"rendered":"\n<p><strong>Ba\u015fvuru Y\u00f6ntemi<\/strong><strong><\/strong><\/p>\n\n\n\n<ul class=\"wp-block-list\">\n<li>Kat\u0131l\u0131mc\u0131lar, bildiri \u00f6zetlerini ve tam metinlerini sempozyumun web sayfas\u0131nda belirtilen sistem \u00fczerinden g\u00f6ndermelidir.<\/li>\n\n\n\n<li>Sempozyum bildiri \u00f6zeti g\u00f6ndermeden sisteme kay\u0131t olmak zorunludur.<\/li>\n<\/ul>\n\n\n\n<p><strong>1. Bildiri \u00d6zeti G\u00f6nderimi<\/strong><strong><\/strong><\/p>\n\n\n\n<ul class=\"wp-block-list\">\n<li>Son tarih: <strong>01 Mart 2026<\/strong><\/li>\n\n\n\n<li>\u00d6zetler sempozyum ana temalar\u0131yla uyumlu olmal\u0131d\u0131r.<\/li>\n\n\n\n<li>Bildiri \u00f6zetlerinin de\u011ferlendirme sonu\u00e7lar\u0131, bildiri \u00f6zeti g\u00f6nderimi s\u0131ras\u0131nda belirtilen e-posta adresine 15 Mart 2026 tarihinde g\u00f6nderilecektir.<\/li>\n<\/ul>\n\n\n\n<p><strong>2. Tam Metin G\u00f6nderimi<\/strong><strong><\/strong><\/p>\n\n\n\n<ul class=\"wp-block-list\">\n<li>Son tarih: <strong>15 Nisan 2026<\/strong><\/li>\n\n\n\n<li>Tam metinler, yaz\u0131m kurallar\u0131na uygun olarak teslim edilmelidir.<\/li>\n<\/ul>\n\n\n\n<p><strong>3. Akademik De\u011ferlendirme<\/strong><strong><\/strong><\/p>\n\n\n\n<ul class=\"wp-block-list\">\n<li>Bildiriler hakemlik sistemiyle de\u011ferlendirilecektir.<\/li>\n\n\n\n<li>Kabul edilen bildiriler \u00f6zet veya tam metin olarak kongre bitiminden sonra kongre web sayfas\u0131nda ISBN numaras\u0131yla e-kitap olarak yay\u0131mlanacakt\u0131r.<\/li>\n<\/ul>\n\n\n\n<p><strong>4. Kat\u0131l\u0131m Modelleri<\/strong><strong><\/strong><\/p>\n\n\n\n<ul class=\"wp-block-list\">\n<li><strong>Y\u00fcz y\u00fcze kat\u0131l\u0131m:<\/strong>&nbsp;Mersin \u00dcniversitesinde yap\u0131lacak oturumlara bizzat kat\u0131l\u0131m.<\/li>\n<\/ul>\n\n\n\n<p><strong>5. Sempozyum Dili<\/strong><strong><\/strong><\/p>\n\n\n\n<ul class=\"wp-block-list\">\n<li>Sempozyum dili T\u00fcrkiye T\u00fcrk\u00e7esi, di\u011fer T\u00fcrk leh\u00e7eleri veya \u0130ngilizce olarak sunulabileceklerdir.<\/li>\n\n\n\n<li>Bildiri sunacak kat\u0131l\u0131mc\u0131lar, sunum dilini bildirilerini g\u00f6nderirken mutlaka belirtmelidir.<\/li>\n<\/ul>\n\n\n\n<p><\/p>\n","protected":false},"excerpt":{"rendered":"<p>Ba\u015fvuru Y\u00f6ntemi 1. Bildiri \u00d6zeti G\u00f6nderimi 2. Tam Metin G\u00f6nderimi 3. Akademik De\u011ferlendirme 4. Kat\u0131l\u0131m Modelleri 5. Sempozyum Dili<\/p>\n","protected":false},"author":1,"featured_media":0,"parent":0,"menu_order":0,"comment_status":"closed","ping_status":"closed","template":"","meta":{"footnotes":""},"class_list":["post-316","page","type-page","status-publish","hentry"],"_links":{"self":[{"href":"https:\/\/anadolumotifleri.org.tr\/index.php\/wp-json\/wp\/v2\/pages\/316","targetHints":{"allow":["GET"]}}],"collection":[{"href":"https:\/\/anadolumotifleri.org.tr\/index.php\/wp-json\/wp\/v2\/pages"}],"about":[{"href":"https:\/\/anadolumotifleri.org.tr\/index.php\/wp-json\/wp\/v2\/types\/page"}],"author":[{"embeddable":true,"href":"https:\/\/anadolumotifleri.org.tr\/index.php\/wp-json\/wp\/v2\/users\/1"}],"replies":[{"embeddable":true,"href":"https:\/\/anadolumotifleri.org.tr\/index.php\/wp-json\/wp\/v2\/comments?post=316"}],"version-history":[{"count":13,"href":"https:\/\/anadolumotifleri.org.tr\/index.php\/wp-json\/wp\/v2\/pages\/316\/revisions"}],"predecessor-version":[{"id":834,"href":"https:\/\/anadolumotifleri.org.tr\/index.php\/wp-json\/wp\/v2\/pages\/316\/revisions\/834"}],"wp:attachment":[{"href":"https:\/\/anadolumotifleri.org.tr\/index.php\/wp-json\/wp\/v2\/media?parent=316"}],"curies":[{"name":"wp","href":"https:\/\/api.w.org\/{rel}","templated":true}]}}