{"id":324,"date":"2025-11-10T00:49:01","date_gmt":"2025-11-10T00:49:01","guid":{"rendered":"http:\/\/bilisimdunyasi.org.tr\/toplanti\/?page_id=324"},"modified":"2026-03-07T14:58:52","modified_gmt":"2026-03-07T14:58:52","slug":"bilim-ve-danisma-kurulu","status":"publish","type":"page","link":"https:\/\/anadolumotifleri.org.tr\/index.php\/bilim-ve-danisma-kurulu\/","title":{"rendered":"Bilim ve Dan\u0131\u015fma Kurulu"},"content":{"rendered":"\n<figure class=\"wp-block-table\"><table class=\"has-fixed-layout\"><tbody><tr><td><strong>Prof. Dr. Abd\u0131ldacan AKMATAL\u0130YEV<\/strong><\/td><td>K\u0131rg\u0131zistan Mill\u00ee \u0130limler Akademisi<\/td><\/tr><tr><td><strong>Prof. Dr. Adem \u00d6GER<\/strong><\/td><td>Nev\u015fehir Hac\u0131 Bekta\u015f Veli \u00dcniversitesi<\/td><\/tr><tr><td><strong>Prof. Dr. Adem Y\u00dcCEL<\/strong><\/td><td>Tokat Gaziosmanpa\u015fa \u00dcniversitesi<\/td><\/tr><tr><td><strong>Prof. Dr. Adriana Carolina FLORES D\u0130AS<\/strong><\/td><td>Universidad Iberoamericana<\/td><\/tr><tr><td><strong>Prof. Dr. Ahad NEJADEBRAH\u0130M\u0130<\/strong><\/td><td>Tabriz \u0130slam Sanatlar\u0131 \u00dcniversitesi<\/td><\/tr><tr><td><strong>Prof. Dr. Alena CATOV\u0130\u0106<\/strong><\/td><td>Saraybosna \u00dcniversitesi<\/td><\/tr><tr><td><strong>Prof. Dr. Aysen SOYSALDI<\/strong><\/td><td>Ankara Hac\u0131 Bayram Veli \u00dcniversitesi<\/td><\/tr><tr><td><strong>Prof. Dr. Ay\u015fe AZMAN<\/strong><\/td><td>Mersin \u00dcniversitesi<\/td><\/tr><tr><td><strong>Prof. Dr. Banu Hatice G\u00dcRC\u00dcM<\/strong><\/td><td>Ankara Hac\u0131 Bayram Veli \u00dcniversitesi<\/td><\/tr><tr><td><strong>Prof. Dr. Beristenov ZHANARBEK TAN\u0130GAZ\u0130NOV\u0130CH<\/strong><\/td><td>J\u00fcrgenov Kazak Milli Sanat Akademisi<\/td><\/tr><tr><td><strong>Prof. Dr. Bilal S\u00d6\u011e\u00dcT<\/strong><\/td><td>Pamukkale \u00dcniversitesi<\/td><\/tr><tr><td><strong>Prof. Dr. Burul SAGINBAYEVA<\/strong><\/td><td>K\u0131rg\u0131zistan-T\u00fcrkiye Manas \u00dcniversitesi<\/td><\/tr><tr><td><strong>Prof. Dr. Deniz KAPLAN<\/strong><\/td><td>Mersin \u00dcniversitesi<\/td><\/tr><tr><td><strong>Prof. Dr. Ela TA\u015e<\/strong><\/td><td>Sakarya \u00dcniversitesi<\/td><\/tr><tr><td><strong>Prof. Dr. Esma \u015e\u0130M\u015eEK<\/strong><\/td><td>F\u0131rat \u00dcniversitesi<\/td><\/tr><tr><td><strong>Prof. Dr. Eva CS\u00c1K\u0130<\/strong><\/td><td>P\u00e1zm\u00e1ny P\u00e9ter Katolik \u00dcniversitesi<\/td><\/tr><tr><td><strong>Prof. Dr. Evrim \u00d6L\u00c7ER \u00d6Z\u00dcNEL<\/strong><\/td><td>Ankara Hac\u0131 Bayram Veli \u00dcniversitesi<\/td><\/tr><tr><td><strong>Prof. Dr. Fatih USLU<\/strong><\/td><td>Akdeniz \u00dcniversitesi<\/td><\/tr><tr><td><strong>Prof. Dr. Fatma Nalan T\u00dcRKMEN<\/strong><\/td><td>Marmara \u00dcniversitesi<\/td><\/tr><tr><td><strong>Prof. Dr. Fatma Nur BA\u015eARAN<\/strong><\/td><td>Ankara Hac\u0131 Bayram Veli \u00dcniversitesi<\/td><\/tr><tr><td><strong>Prof. Dr. G\u00fclin \u00d6\u011e\u00dcT EKER<\/strong><\/td><td>Hacettepe \u00dcniversitesi<\/td><\/tr><tr><td><strong>Prof. Dr. G\u00fclten KURT<\/strong><\/td><td>Bolu Abant \u0130zzet Baysal \u00dcniversitesi<\/td><\/tr><tr><td><strong>Prof. Dr. Hakan AKDA\u011e<\/strong><\/td><td>Mersin \u00dcniversitesi<\/td><\/tr><tr><td><strong>Prof. Dr. Hatice Feriha AKPINARLI<\/strong><\/td><td>Ankara Hac\u0131 Bayram Veli \u00dcniversitesi<\/td><\/tr><tr><td><strong>Prof. Dr. Havva HALA\u00c7EL\u0130 METL\u0130O\u011eLU<\/strong><\/td><td>\u00c7ukurova \u00dcniversitesi<\/td><\/tr><tr><td><strong>Prof. Dr. H\u00fcrriyet G\u00d6KDAYI<\/strong><\/td><td>Mersin \u00dcniversitesi<\/td><\/tr><tr><td><strong>Prof. Dr. \u0130brahim G\u00f6khan CEYLAN<\/strong><\/td><td>Sinop \u00dcniversitesi<\/td><\/tr><tr><td><strong>Prof. Dr. \u0130lhan EGE<\/strong><\/td><td>Mersin \u00dcniversitesi<\/td><\/tr><tr><td><strong>Prof. Dr. Jark\u0131n S\u00dcLEYMENONA<\/strong><\/td><td>Kazak Milli K\u0131zlar Pedagoji \u00dcniversitesi<\/td><\/tr><tr><td><strong>Prof. Dr. Kaz\u0131m HACIMEYL\u0130C<\/strong><\/td><td>Saraybosna Devlet \u00dcniversitesi<\/td><\/tr><tr><td><strong>Prof. Dr. Kutabek TABALD\u0130YEV<\/strong><\/td><td>K\u0131rg\u0131zistan-T\u00fcrkiye Manas \u00dcniversitesi<\/td><\/tr><tr><td><strong>Prof. Dr. Lindita XHANARI LATIFI<\/strong><\/td><td>Universiteti i Tiran\u00ebs<\/td><\/tr><tr><td><strong>Prof. Dr. Lutviyye ASGARZADE<\/strong><\/td><td>Azerbaycan Milli \u0130limler Akademisi<\/td><\/tr><tr><td><strong>Prof. Dr. Mehmet Ali ERO\u011eLU<\/strong><\/td><td>Akdeniz \u00dcniversitesi<\/td><\/tr><tr><td><strong>Prof. Dr. Mehmet \u00c7ER\u0130BA\u015e<\/strong><\/td><td>Nev\u015fehir Hac\u0131 Bekta\u015f Veli \u00dcniversitesi<\/td><\/tr><tr><td><strong>Prof. Dr. Mehmet EK\u0130Z<\/strong><\/td><td>Ni\u011fde \u00d6mer Halis Demir \u00dcniversitesi<\/td><\/tr><tr><td><strong>Prof. Dr. Mehmet EROL<\/strong><\/td><td>Gaziantep \u00dcniversitesi<\/td><\/tr><tr><td><strong>Prof. Dr. Mehmet Zeki \u0130BRAH\u0130MG\u0130L<\/strong><\/td><td>Ankara Hac\u0131 Bayram Veli \u00dcniversitesi<\/td><\/tr><tr><td><strong>Prof. Dr. Metin EK\u0130C\u0130<\/strong><\/td><td>Ege \u00dcniversitesi<\/td><\/tr><tr><td><strong>Prof. Dr. Mustafa GEN\u00c7<\/strong><\/td><td>Isparta S\u00fcleyman Demirel \u00dcniversitesi<\/td><\/tr><tr><td><strong>Prof. Dr. Nazan Avc\u0131o\u011flu KALEBEK<\/strong><\/td><td>Gaziantep \u00dcniversitesi<\/td><\/tr><tr><td><strong>Prof. Dr. Neslihan YA\u015eAR<\/strong><\/td><td>Dokuz Eyl\u00fcl \u00dcniversitesi<\/td><\/tr><tr><td><strong>Prof. Dr. Nevzat \u00d6ZEL<\/strong><\/td><td>Ankara \u00dcniversitesi<\/td><\/tr><tr><td><strong>Prof. Dr. Nilg\u00fcn \u00c7IBLAK CO\u015eKUN<\/strong><\/td><td>Mersin \u00dcniversitesi<\/td><\/tr><tr><td><strong>Prof. Dr. Pervin ERGUN<\/strong><\/td><td>Ankara Hac\u0131 Bayram Veli \u00dcniversitesi<\/td><\/tr><tr><td><strong>Prof. Dr. Refiye OKU\u015eLUK \u015eENESEN<\/strong><\/td><td>\u00c7ukurova \u00dcniversitesi<\/td><\/tr><tr><td><strong>Prof. Dr. Ruhi ERSOY<\/strong><\/td><td>Ankara Hac\u0131 Bayram Veli \u00dcniversitesi<\/td><\/tr><tr><td><strong>Prof. Dr. Ruhi KONAK<\/strong><\/td><td>Ankara M\u00fczik ve G\u00fczel Sanatlar \u00dcniversitesi<\/td><\/tr><tr><td><strong>Prof. Dr. Sava\u015f YILDIRIM<\/strong><\/td><td>Mersin \u00dcniversitesi<\/td><\/tr><tr><td><strong>Prof. Dr. Selcan G\u00dcRCAYIR TEKE<\/strong><\/td><td>Ankara Hac\u0131 Bayram Veli \u00dcniversitesi<\/td><\/tr><tr><td><strong>Prof. Dr. Sevim ARSLAN<\/strong><\/td><td>Marmara \u00dcniversitesi<\/td><\/tr><tr><td><strong>Prof. Dr. \u015eerife Seher EROL \u00c7ALI\u015eKAN<\/strong><\/td><td>Bart\u0131n \u00dcniversitesi<\/td><\/tr><tr><td><strong>Prof. Dr. To\u011froul GAN\u0130O\u011eLU<\/strong><\/td><td>Mersin \u00dcniversitesi<\/td><\/tr><tr><td><strong>Prof. Dr. Valide PASHAYEVA<\/strong><\/td><td>Atat\u00fcrk \u00dcniversitesi<\/td><\/tr><tr><td><strong>Prof. Dr. Y\u0131ld\u0131ray \u00d6ZBEK<\/strong><\/td><td>Akdeniz \u00dcniversitesi<\/td><\/tr><tr><td><strong>Do\u00e7. Dr. Ahmet Erman ARAL<\/strong><\/td><td>Ankara Hac\u0131 Bayram Veli \u00dcniversitesi<\/td><\/tr><tr><td><strong>Do\u00e7. Dr. Arzu K\u0130YAT<\/strong><\/td><td>K\u0131rg\u0131zistan-T\u00fcrkiye Manas \u00dcniversitesi<\/td><\/tr><tr><td><strong>Do\u00e7. Dr. Ashkan RAHMAN\u0130<\/strong><\/td><td>\u0130ran &#8211; Shiraz \u00dcniversitesi<\/td><\/tr><tr><td><strong>Do\u00e7. Dr. Ayhan KARAKA\u015e<\/strong><\/td><td>\u00c7ukurova \u00dcniversitesi<\/td><\/tr><tr><td><strong>Do\u00e7. Dr. Bar\u0131\u015f HASIRCI<\/strong><\/td><td>Mersin \u00dcniversitesi<\/td><\/tr><tr><td><strong>Do\u00e7. Dr. Ebru \u00c7ATALKAYA G\u00d6K<\/strong><\/td><td>Ankara M\u00fczik ve G\u00fczel Sanatlar \u00dcniversitesi<\/td><\/tr><tr><td><strong>Do\u00e7. Dr. Emine \u00c7AKIR<\/strong><\/td><td>Ankara Hac\u0131 Bayram Veli \u00dcniversitesi<\/td><\/tr><tr><td><strong>Do\u00e7. Dr. Erdal AYDO\u011eMU\u015e<\/strong><\/td><td>K\u0131rg\u0131zistan-T\u00fcrkiye Manas \u00dcniversitesi<\/td><\/tr><tr><td><strong>Do\u00e7. Dr. Esra ENES<\/strong><\/td><td>Tarsus \u00dcniversitesi<\/td><\/tr><tr><td><strong>Do\u00e7. Dr. Fatma Yelda GEZ\u0130C\u0130O\u011eLU<\/strong><\/td><td>Tarsus \u00dcniversitesi<\/td><\/tr><tr><td><strong>Do\u00e7. Dr. Galina M\u0130\u0160K\u0130N\u0130EN\u0116<\/strong><\/td><td>Literature in Vilnius University<\/td><\/tr><tr><td><strong>Do\u00e7. Dr. Halil S\u00d6ZL\u00dc<\/strong><\/td><td>Mersin \u00dcniversitesi<\/td><\/tr><tr><td><strong>Do\u00e7. Dr. Hakan ALPT\u00dcRKER<\/strong><\/td><td>Mersin \u00dcniversitesi<\/td><\/tr><tr><td><strong>Do\u00e7. Dr. Hivren DEM\u0130R ATAY<\/strong><\/td><td>Mersin \u00dcniversitesi<\/td><\/tr><tr><td><strong>Do\u00e7. Dr. I\u015f\u0131lay KONAK<\/strong><\/td><td>Ankara M\u00fczik ve G\u00fczel Sanatlar \u00dcniversitesi<\/td><\/tr><tr><td><strong>Do\u00e7. Dr. Mahir YERL\u0130KAYA<\/strong><\/td><td>Tokat Gaziosmanpa\u015fa \u00dcniversitesi<\/td><\/tr><tr><td><strong>Do\u00e7. Dr. Meleyke MEMMEDOVA<\/strong><\/td><td>AMEA Folklor Enstit\u00fcs\u00fc<\/td><\/tr><tr><td><strong>Do\u00e7. Dr. Naile ASKER<\/strong><\/td><td>AMEA Folklor Enstit\u00fcs\u00fc<\/td><\/tr><tr><td><strong>Do\u00e7. Dr. Nazan OSKAY<\/strong><\/td><td>Van Y\u00fcz\u00fcnc\u00fc Y\u0131l \u00dcniversitesi<\/td><\/tr><tr><td><strong>Do\u00e7. Dr. Orhun T\u00dcRKER<\/strong><\/td><td>Bolu Abant \u0130zzet Baysal \u00dcniversitesi<\/td><\/tr><tr><td><strong>Do\u00e7. Dr. \u00d6mer Faruk \u0130SL\u0130M<\/strong><\/td><td>Mersin \u00dcniversitesi<\/td><\/tr><tr><td><strong>Do\u00e7. Dr. \u00d6mer ZA\u0130MO\u011eLU<\/strong><\/td><td>Akdeniz \u00dcniversitesi<\/td><\/tr><tr><td><strong>Do\u00e7. Dr. \u00d6zden GEZER O\u011eUZ<\/strong><\/td><td>Bolu Abant \u0130zzet Baysal \u00dcniversitesi<\/td><\/tr><tr><td><strong>Do\u00e7. Dr. \u00d6zge USLUCA ER\u0130M<\/strong><\/td><td>Mersin \u00dcniversitesi<\/td><\/tr><tr><td><strong>Do\u00e7. Dr. Perihan \u015eAN ASLAN<\/strong><\/td><td>Bolu Abant \u0130zzet Baysal \u00dcniversitesi<\/td><\/tr><tr><td><strong>Do\u00e7. Dr. Sevim Tu\u011fba ARABALI<\/strong> <strong>KO\u015eAR<\/strong><\/td><td>\u00c7ukurova \u00dcniversitesi<\/td><\/tr><tr><td><strong>Do\u00e7. Dr. Semanur \u00d6ZTEM\u0130Z<\/strong><\/td><td>Hacettepe \u00dcniversitesi<\/td><\/tr><tr><td><strong>Do\u00e7. Dr. Taalaybek ABD\u0130YEV<\/strong><\/td><td>K\u0131rg\u0131zistan-T\u00fcrkiye Manas \u00dcniversitesi<\/td><\/tr><tr><td><strong>Do\u00e7. Dr. Tuna YILDIZ<\/strong><\/td><td>Ankara Hac\u0131 Bayram Veli \u00dcniversitesi<\/td><\/tr><tr><td><strong>Do\u00e7. Dr. Turgay KABAK<\/strong><\/td><td>Necmettin Erbakan \u00dcniversitesi<\/td><\/tr><tr><td><strong>Do\u00e7. Dr. Turgay SEBZEC\u0130O\u011eLU<\/strong><\/td><td>Mersin \u00dcniversitesi<\/td><\/tr><tr><td><strong>Do\u00e7. Dr. Karim MIRZAEE<\/strong><\/td><td>Tabriz \u0130slam Sanatlar\u0131 \u00dcniversitesi<\/td><\/tr><tr><td><strong>Dr. \u00d6\u011fr. \u00dcyesi Aysel G\u00fcney T\u00dcKE\u00c7<\/strong><\/td><td>Amasya \u00dcniversitesi<\/td><\/tr><tr><td><strong>Dr. \u00d6\u011fr. \u00dcyesi Banu Y\u0131lmaz AKY\u00dcREK<\/strong><\/td><td>Mersin \u00dcniversitesi<\/td><\/tr><tr><td><strong>Dr. \u00d6\u011fr. \u00dcyesi Erdem O\u011eUZ<\/strong><\/td><td>Bolu Abant \u0130zzet Baysal \u00dcniversitesi<\/td><\/tr><tr><td><strong>Dr. \u00d6\u011fr. \u00dcyesi Halil ELEMANA<\/strong><\/td><td>Mersin \u00dcniversitesi<\/td><\/tr><tr><td><strong>Dr. \u00d6\u011fr. \u00dcyesi Mehmet KULAZ<\/strong><\/td><td>Y\u00fcz\u00fcnc\u00fc Y\u0131l \u00dcniversitesi<\/td><\/tr><tr><td><strong>Dr. \u00d6\u011fr. \u00dcyesi<\/strong> <strong>Mirzat RAKIMBEKOV<\/strong><\/td><td>K\u0131rg\u0131zistan-T\u00fcrkiye Manas \u00dcniversitesi<\/td><\/tr><tr><td><strong>Dr. <strong>\u00d6\u011fr. \u00dcyesi<\/strong> Mustafa KAYA<\/strong><\/td><td>Mersin \u00dcniversitesi<\/td><\/tr><tr><td><strong>Dr. \u00d6\u011fr. \u00dcyesi Nursel BAYKASO\u011eLU<\/strong><\/td><td>Ankara Hac\u0131 Bayram Veli \u00dcniversitesi<\/td><\/tr><tr><td><strong>Dr. \u00d6\u011fr. \u00dcyesi \u00d6m\u00fcr KARSLI<\/strong><\/td><td>Y\u00fcz\u00fcnc\u00fc Y\u0131l \u00dcniversitesi<\/td><\/tr><tr><td><strong>Dr. P\u0131nar YELM\u0130<\/strong><\/td><td>University of Leads<\/td><\/tr><tr><td><strong>Dr. Tolkun MUSAEVA<\/strong><\/td><td>K\u0131rg\u0131zistan\u2013T\u00fcrkiye Manas \u00dcniversitesi<\/td><\/tr><tr><td><strong>Hatice ESEDOVA<\/strong><\/td><td>Azerbaycan Milli Hal\u0131 M\u00fczesi<\/td><\/tr><tr><td><strong>Valda DARGA\u0130S<\/strong><\/td><td>Gulbenes Belediyesi Tarih ve Sanat M\u00fczesi<\/td><\/tr><\/tbody><\/table><\/figure>\n\n\n\n<p><\/p>\n","protected":false},"excerpt":{"rendered":"<p>Prof. Dr. Abd\u0131ldacan AKMATAL\u0130YEV K\u0131rg\u0131zistan Mill\u00ee \u0130limler Akademisi Prof. Dr. Adem \u00d6GER Nev\u015fehir Hac\u0131 Bekta\u015f Veli \u00dcniversitesi Prof. Dr. Adem Y\u00dcCEL Tokat Gaziosmanpa\u015fa \u00dcniversitesi Prof. Dr. Adriana Carolina FLORES D\u0130AS Universidad Iberoamericana Prof. Dr. Ahad NEJADEBRAH\u0130M\u0130 Tabriz \u0130slam Sanatlar\u0131 \u00dcniversitesi Prof. Dr. Alena CATOV\u0130\u0106 Saraybosna \u00dcniversitesi Prof. Dr. Aysen SOYSALDI Ankara Hac\u0131 Bayram Veli \u00dcniversitesi [&hellip;]<\/p>\n","protected":false},"author":1,"featured_media":0,"parent":0,"menu_order":0,"comment_status":"closed","ping_status":"closed","template":"","meta":{"footnotes":""},"class_list":["post-324","page","type-page","status-publish","hentry"],"_links":{"self":[{"href":"https:\/\/anadolumotifleri.org.tr\/index.php\/wp-json\/wp\/v2\/pages\/324","targetHints":{"allow":["GET"]}}],"collection":[{"href":"https:\/\/anadolumotifleri.org.tr\/index.php\/wp-json\/wp\/v2\/pages"}],"about":[{"href":"https:\/\/anadolumotifleri.org.tr\/index.php\/wp-json\/wp\/v2\/types\/page"}],"author":[{"embeddable":true,"href":"https:\/\/anadolumotifleri.org.tr\/index.php\/wp-json\/wp\/v2\/users\/1"}],"replies":[{"embeddable":true,"href":"https:\/\/anadolumotifleri.org.tr\/index.php\/wp-json\/wp\/v2\/comments?post=324"}],"version-history":[{"count":31,"href":"https:\/\/anadolumotifleri.org.tr\/index.php\/wp-json\/wp\/v2\/pages\/324\/revisions"}],"predecessor-version":[{"id":950,"href":"https:\/\/anadolumotifleri.org.tr\/index.php\/wp-json\/wp\/v2\/pages\/324\/revisions\/950"}],"wp:attachment":[{"href":"https:\/\/anadolumotifleri.org.tr\/index.php\/wp-json\/wp\/v2\/media?parent=324"}],"curies":[{"name":"wp","href":"https:\/\/api.w.org\/{rel}","templated":true}]}}