{"id":42,"date":"2025-10-17T19:01:13","date_gmt":"2025-10-17T19:01:13","guid":{"rendered":"http:\/\/bilisimdunyasi.org.tr\/toplanti\/?page_id=42"},"modified":"2025-11-27T20:29:43","modified_gmt":"2025-11-27T20:29:43","slug":"onemli-tarihler","status":"publish","type":"page","link":"https:\/\/anadolumotifleri.org.tr\/index.php\/en\/onemli-tarihler\/","title":{"rendered":"\u00d6nemli Tarihler"},"content":{"rendered":"\n<ul class=\"wp-block-list\">\n<li><strong>Bildiri \u00d6zeti G\u00f6nderme Ba\u015flang\u0131\u00e7:<\/strong>&nbsp;01 Aral\u0131k 2025<\/li>\n\n\n\n<li><strong>Bildiri \u00d6zeti G\u00f6nderme Biti\u015f:<\/strong>&nbsp;          01 Mart 2026<\/li>\n\n\n\n<li><strong>Ba\u015fvurulara Geri Bildirim:<\/strong>                 15 Mart 2026<\/li>\n\n\n\n<li><strong>Tam Metin Son G\u00f6nderi Tarihi:<\/strong> 15 Nisan 2026<\/li>\n\n\n\n<li><strong>Kongre Program\u0131 \u0130lan\u0131:<\/strong>                       08 May\u0131s 2026<\/li>\n\n\n\n<li><strong>Kongre Ba\u015flang\u0131\u00e7 Tarihi:<\/strong>&nbsp;                   14 May\u0131s 2026<\/li>\n\n\n\n<li><strong>Kongre Biti\u015f Tarihi:<\/strong>&nbsp;                             16 May\u0131s 2026<\/li>\n<\/ul>\n","protected":false},"excerpt":{"rendered":"","protected":false},"author":1,"featured_media":0,"parent":0,"menu_order":0,"comment_status":"closed","ping_status":"closed","template":"","meta":{"footnotes":""},"class_list":["post-42","page","type-page","status-publish","hentry"],"_links":{"self":[{"href":"https:\/\/anadolumotifleri.org.tr\/index.php\/wp-json\/wp\/v2\/pages\/42","targetHints":{"allow":["GET"]}}],"collection":[{"href":"https:\/\/anadolumotifleri.org.tr\/index.php\/wp-json\/wp\/v2\/pages"}],"about":[{"href":"https:\/\/anadolumotifleri.org.tr\/index.php\/wp-json\/wp\/v2\/types\/page"}],"author":[{"embeddable":true,"href":"https:\/\/anadolumotifleri.org.tr\/index.php\/wp-json\/wp\/v2\/users\/1"}],"replies":[{"embeddable":true,"href":"https:\/\/anadolumotifleri.org.tr\/index.php\/wp-json\/wp\/v2\/comments?post=42"}],"version-history":[{"count":6,"href":"https:\/\/anadolumotifleri.org.tr\/index.php\/wp-json\/wp\/v2\/pages\/42\/revisions"}],"predecessor-version":[{"id":772,"href":"https:\/\/anadolumotifleri.org.tr\/index.php\/wp-json\/wp\/v2\/pages\/42\/revisions\/772"}],"wp:attachment":[{"href":"https:\/\/anadolumotifleri.org.tr\/index.php\/wp-json\/wp\/v2\/media?parent=42"}],"curies":[{"name":"wp","href":"https:\/\/api.w.org\/{rel}","templated":true}]}}