{"id":56,"date":"2025-10-17T19:36:27","date_gmt":"2025-10-17T19:36:27","guid":{"rendered":"http:\/\/bilisimdunyasi.org.tr\/toplanti\/?page_id=56"},"modified":"2026-04-03T08:21:56","modified_gmt":"2026-04-03T08:21:56","slug":"onurkurulu","status":"publish","type":"page","link":"https:\/\/anadolumotifleri.org.tr\/index.php\/en\/onurkurulu\/","title":{"rendered":"Onur Kurulu"},"content":{"rendered":"\n<p><strong>Do\u00e7. Dr. Celile Eren \u00d6KTEN<\/strong> \u2013 Milli E\u011fitim Bakan Yard\u0131mc\u0131s\u0131 <\/p>\n\n\n\n<p><strong>Atilla TOROS<\/strong> \u2013 Mersin Valisi<\/p>\n\n\n\n<p><strong>Cengiz METE<\/strong> \u2013&nbsp; Hayat Boyu \u00d6\u011frenme Genel M\u00fcd\u00fcr\u00fc<\/p>\n\n\n\n<p><strong>Prof. Dr. Erol YA\u015eAR<\/strong> \u2013 Mersin \u00dcniversitesi Rekt\u00f6r\u00fc <\/p>\n\n\n\n<p><strong>Prof. Dr. \u00d6cal O\u011eUZ<\/strong> \u2013&nbsp; UNESCO T\u00fcrkiye Mill\u00ee Komisyonu Ba\u015fkan\u0131\/T\u00dcBA \u015eeref \u00dcyesi<\/p>\n\n\n\n<p><strong>Prof. Dr. Abdurrahman Aliy<\/strong> \u2013 Yunus Emre Enstit\u00fcs\u00fc Ba\u015fkan\u0131<\/p>\n\n\n\n<p><\/p>\n","protected":false},"excerpt":{"rendered":"<p>Do\u00e7. Dr. Celile Eren \u00d6KTEN \u2013 Milli E\u011fitim Bakan Yard\u0131mc\u0131s\u0131 Atilla TOROS \u2013 Mersin Valisi Cengiz METE \u2013&nbsp; Hayat Boyu \u00d6\u011frenme Genel M\u00fcd\u00fcr\u00fc Prof. Dr. Erol YA\u015eAR \u2013 Mersin \u00dcniversitesi Rekt\u00f6r\u00fc Prof. Dr. \u00d6cal O\u011eUZ \u2013&nbsp; UNESCO T\u00fcrkiye Mill\u00ee Komisyonu Ba\u015fkan\u0131\/T\u00dcBA \u015eeref \u00dcyesi Prof. Dr. Abdurrahman Aliy \u2013 Yunus Emre Enstit\u00fcs\u00fc Ba\u015fkan\u0131<\/p>\n","protected":false},"author":1,"featured_media":0,"parent":0,"menu_order":0,"comment_status":"closed","ping_status":"closed","template":"","meta":{"footnotes":""},"class_list":["post-56","page","type-page","status-publish","hentry"],"_links":{"self":[{"href":"https:\/\/anadolumotifleri.org.tr\/index.php\/wp-json\/wp\/v2\/pages\/56","targetHints":{"allow":["GET"]}}],"collection":[{"href":"https:\/\/anadolumotifleri.org.tr\/index.php\/wp-json\/wp\/v2\/pages"}],"about":[{"href":"https:\/\/anadolumotifleri.org.tr\/index.php\/wp-json\/wp\/v2\/types\/page"}],"author":[{"embeddable":true,"href":"https:\/\/anadolumotifleri.org.tr\/index.php\/wp-json\/wp\/v2\/users\/1"}],"replies":[{"embeddable":true,"href":"https:\/\/anadolumotifleri.org.tr\/index.php\/wp-json\/wp\/v2\/comments?post=56"}],"version-history":[{"count":6,"href":"https:\/\/anadolumotifleri.org.tr\/index.php\/wp-json\/wp\/v2\/pages\/56\/revisions"}],"predecessor-version":[{"id":956,"href":"https:\/\/anadolumotifleri.org.tr\/index.php\/wp-json\/wp\/v2\/pages\/56\/revisions\/956"}],"wp:attachment":[{"href":"https:\/\/anadolumotifleri.org.tr\/index.php\/wp-json\/wp\/v2\/media?parent=56"}],"curies":[{"name":"wp","href":"https:\/\/api.w.org\/{rel}","templated":true}]}}