{"id":621,"date":"2025-11-26T10:49:20","date_gmt":"2025-11-26T10:49:20","guid":{"rendered":"https:\/\/anadolumotifleri.org.tr\/?page_id=621"},"modified":"2026-04-10T10:47:34","modified_gmt":"2026-04-10T10:47:34","slug":"tam-metin-gonderimi","status":"publish","type":"page","link":"https:\/\/anadolumotifleri.org.tr\/index.php\/tam-metin-gonderimi\/","title":{"rendered":"Tam Metin G\u00f6nderimi"},"content":{"rendered":"\n<ul class=\"wp-block-list\">\n<li>Son tarih:<strong> 15 Nisan 2026<\/strong><\/li>\n\n\n\n<li>Tam metinler, yaz\u0131m kurallar\u0131na uygun olarak teslim edilmelidir.<\/li>\n\n\n\n<li>Bildiri tam metni y\u00fcklenirken benzerlik raporuda y\u00fcklenecektir. Benzerlik oran\u0131 %15&#8217;i ge\u00e7memelidir.<\/li>\n<\/ul>\n\n\n\n<div class=\"wp-block-file\"><a id=\"wp-block-file--media-dee406fd-6270-415b-bf44-eecbfb9c3bec\" href=\"https:\/\/anadolumotifleri.org.tr\/wp-content\/uploads\/2026\/04\/TAM-METIN-SABLONU-TURKCE-2.docx\">TAM-METIN-SABLONU-TURKCE (2)<\/a><a href=\"https:\/\/anadolumotifleri.org.tr\/wp-content\/uploads\/2026\/04\/TAM-METIN-SABLONU-TURKCE-2.docx\" class=\"wp-block-file__button wp-element-button\" download aria-describedby=\"wp-block-file--media-dee406fd-6270-415b-bf44-eecbfb9c3bec\">\u0130ndir<\/a><\/div>\n\n\n\n<div class=\"wp-block-file\"><a id=\"wp-block-file--media-c49a9ae6-377b-4cb4-80d2-a4149b3078aa\" href=\"https:\/\/anadolumotifleri.org.tr\/wp-content\/uploads\/2026\/04\/ORNEK_OZET_SABLON-TR_ENG-1.docx\">\u00d6RNEK_\u00d6ZET_\u015eABLON TR_ENG<\/a><a href=\"https:\/\/anadolumotifleri.org.tr\/wp-content\/uploads\/2026\/04\/ORNEK_OZET_SABLON-TR_ENG-1.docx\" class=\"wp-block-file__button wp-element-button\" download aria-describedby=\"wp-block-file--media-c49a9ae6-377b-4cb4-80d2-a4149b3078aa\">\u00d6zet \u015eablon Yeni<\/a><\/div>\n\n\n\n<div class=\"wp-block-buttons is-layout-flex wp-block-buttons-is-layout-flex\">\n<div class=\"wp-block-button\"><a class=\"wp-block-button__link wp-element-button\" href=\"https:\/\/konferansyonetimi.org\/event\/3\/\">TAM MET\u0130N G\u00d6NDER<\/a><\/div>\n<\/div>\n\n\n\n<p><\/p>\n","protected":false},"excerpt":{"rendered":"","protected":false},"author":1,"featured_media":0,"parent":0,"menu_order":0,"comment_status":"closed","ping_status":"closed","template":"","meta":{"footnotes":""},"class_list":["post-621","page","type-page","status-publish","hentry"],"_links":{"self":[{"href":"https:\/\/anadolumotifleri.org.tr\/index.php\/wp-json\/wp\/v2\/pages\/621","targetHints":{"allow":["GET"]}}],"collection":[{"href":"https:\/\/anadolumotifleri.org.tr\/index.php\/wp-json\/wp\/v2\/pages"}],"about":[{"href":"https:\/\/anadolumotifleri.org.tr\/index.php\/wp-json\/wp\/v2\/types\/page"}],"author":[{"embeddable":true,"href":"https:\/\/anadolumotifleri.org.tr\/index.php\/wp-json\/wp\/v2\/users\/1"}],"replies":[{"embeddable":true,"href":"https:\/\/anadolumotifleri.org.tr\/index.php\/wp-json\/wp\/v2\/comments?post=621"}],"version-history":[{"count":7,"href":"https:\/\/anadolumotifleri.org.tr\/index.php\/wp-json\/wp\/v2\/pages\/621\/revisions"}],"predecessor-version":[{"id":976,"href":"https:\/\/anadolumotifleri.org.tr\/index.php\/wp-json\/wp\/v2\/pages\/621\/revisions\/976"}],"wp:attachment":[{"href":"https:\/\/anadolumotifleri.org.tr\/index.php\/wp-json\/wp\/v2\/media?parent=621"}],"curies":[{"name":"wp","href":"https:\/\/api.w.org\/{rel}","templated":true}]}}